ppose 2*h - 16 + 2 = 0. What is the remainder when 5/20*28 - -3 is divided by h?
3
What is the remainder when -57*(4 - 5) - 4 is divided by 18?
17
Suppose -16 = -4*o, 4*z - 3*z - 5 = o. Let a = z + 3. Calculate the remainder when 34 is divided by a.
10
Calculate the remainder when 39 is divided by 1*(10 - (-5 + 4)).
6
Calculate the remainder when (-178)/(-11) - (-8)/(-44) is divided by 9.
7
Suppose 4*p + 522 = p. What is the remainder when ((-3)/3*35)/(-1) is divided by p/(-15) - 4/(-10)?
11
Let p be (6 - 5)/(1/1). Calculate the remainder when 20 is divided by (-49)/28*(p + -5).
6
Suppose -4*c - 4 + 12 = 0. Suppose c*l + 3*n = 147, -372 = -5*l - 0*n - 3*n. Suppose 5*a = 20 + l. Calculate the remainder when a is divided by 10.
9
Suppose d - 20 = 5*d. What is the remainder when 3/(3/(-5))*d is divided by (-2)/(-3)*(-39)/(-2)?
12
Let u(x) = -4*x + 2. Let b be u(-2). Suppose 5*z + b = 0, 6*c - 2*c - 174 = 3*z. What is the remainder when c is divided by 11?
9
Suppose 5*i + 0*i = 50. Let b be 3/4 + (-68)/(-16). Suppose -b*p + 0*p = -4*m + 83, 0 = 2*m - 2*p - 40. What is the remainder when m is divided by i?
7
Suppose -5*b - 2*u + 32 = 0, 3*b + 8 = 2*b - 4*u. Suppose y + v - 42 = -9, 0 = y - v - 35. Let a = 49 - y. What is the remainder when a is divided by b?
7
Let s(p) = 2*p**2 + 3*p + 3. Suppose -4*w = 14*n - 9*n - 234, -5*w + 143 = 3*n. What is the remainder when n is divided by s(-3)?
10
Let r(l) = 6*l - 4. Let b(q) = -6*q + 13. Let k be b(-7). Suppose -2*d + k = 3*d. Calculate the remainder when r(6) is divided by d.
10
Suppose 0*r - k - 21 = -r, -r + 5*k + 33 = 0. Calculate the remainder when 71 is divided by r.
17
Let b(f) = 15*f**2 - 4*f - 4. Let o be b(-2). Suppose -23 = -5*q - c + 37, 0 = 3*q - 5*c - o. What is the remainder when q is divided by 8?
5
Let d(z) = 30*z**3 + z. Let s(p) = 5*p - 3*p - 7 + 2*p - p. What is the remainder when d(1) is divided by s(6)?
9
Let p be ((-4)/6)/(28/(-22806)). Calculate the remainder when 10/15 + p/9 is divided by 16.
13
Suppose 2*w - 236 = -3*t, 0*t - 389 = -5*t + w. What is the remainder when t is divided by 16?
14
Suppose -v + d = -24, 0*v - 3*v - 5*d = -48. Calculate the remainder when 59 is divided by v.
17
Let w(m) = m**3 + 5*m - 10. Calculate the remainder when w(3) is divided by 17.
15
Suppose 0 = -2*f, -2*z = z + 3*f - 24. Calculate the remainder when 26 is divided by z.
2
Calculate the remainder when 46 is divided by (-996)/(-60) - 6/10.
14
Suppose -v = -2*v + 38. What is the remainder when v is divided by 13?
12
Suppose 2*k - 127 = -23. Let h = k + -18. Suppose r + h = 2*r. Calculate the remainder when r is divided by 12.
10
Suppose -9 = 5*v - 4. What is the remainder when 2 is divided by (3 - 3)/(-2) - v?
0
Let f(o) = o**2 + 9*o + 14. Let i(d) = -d**2 - 9*d - 15. Let h(a) = 7*f(a) + 6*i(a). What is the remainder when 23 is divided by h(-9)?
7
Suppose 0 = 4*u - 2*k - 402, -3*u - 99 = -2*k - 402. What is the remainder when u is divided by 17?
14
Let b(g) = -18*g**2 - g - 4. Let j(p) = p**2 + 1. Let i(o) = -b(o) - 3*j(o). Calculate the remainder when i(-1) is divided by 8.
7
Let k(y) = y**3 - 5*y**2 + 3*y - 4. Let d be (-1)/3 + (-48)/(-9). What is the remainder when k(d) is divided by 0/(-2) + 12/2?
5
What is the remainder when (-2)/(-8) + (-201)/(-12) is divided by 6?
5
Let w(r) = 3*r + 5. Let y(a) = -a - 2. Let t(j) = -3*w(j) - 7*y(j). What is the remainder when t(-1) is divided by ((-2)/6)/((-2)/6)?
0
Let q(b) be the second derivative of b**5/20 + 7*b**4/12 + 9*b**2/2 + b. What is the remainder when 25 is divided by q(-7)?
7
Suppose 0 = -15*d + 10*d + 115. What is the remainder when 112 is divided by d?
20
Let z(l) = 6*l - 1. Suppose -31 = -5*s - 6. Suppose r + 4*j - 4 = 10, -s*j = 0. What is the remainder when z(7) is divided by r?
13
Let n be (-4)/((-159)/51 - -3). Let y be (26 + 2)*4/2. Let l = y - n. Calculate the remainder when l is divided by 12.
10
Suppose -2*q - 60 = -7*q. Let x = 6 - 3. Suppose x*f - 6*f = -102. What is the remainder when f is divided by q?
10
Suppose -r - 5*a + 4 = 0, 53 = 4*r - 5*a - 13. Let h = 3 + -10. Let m = -2 - h. What is the remainder when r is divided by m?
4
Calculate the remainder when 17 is divided by (-42)/(-11) + 0 + (-90)/(-495).
1
Suppose 2*v - 19 = 5*q + 19, -4*v + 16 = 5*q. What is the remainder when 34 is divided by v?
7
Suppose -4*p + 13 = -7. Suppose -5*z + 50 = 2*k, -z = 2*z - 4*k - 56. What is the remainder when z is divided by p?
2
Suppose 7*w - 12*w = -840. Calculate the remainder when w is divided by 17.
15
Let z = 93 + -71. Calculate the remainder when 86 is divided by z.
20
Let f(k) = -2*k**2 + 6*k**2 - 1 - k**2. Suppose -q - w - w + 3 = 0, 8 = 3*q + 5*w. Calculate the remainder when 2 is divided by f(q).
0
Let t = 10 + -7. Let m(l) = -l**2 + 7*l. Let n be m(6). Suppose t*f + 5*i - 2*i = n, -4*f + 28 = -i. What is the remainder when 11 is divided by f?
5
Let g = -55 + 66. Calculate the remainder when 15 is divided by g.
4
Let b(l) = -5*l + 2. What is the remainder when 35 is divided by b(-2)?
11
Let u(p) = -p**2 + 3*p + 1. Let l be u(3). Let t(w) = 33*w**3 + w**2 - 1. Calculate the remainder when t(l) is divided by 12.
9
Let k = 32 - 24. What is the remainder when 21 is divided by k?
5
Let s be (3 - 4)*(-3 - 1). Suppose -h = s*h - 55. Calculate the remainder when 32 is divided by h.
10
Let l(q) = q**2 - 1. Suppose 7*s = 3*s - 4. Let g(d) = -2*d**2 + 5*d - 2. Let j(f) = s*g(f) - 3*l(f). Calculate the remainder when j(-4) is divided by 5.
4
Calculate the remainder when 17 is divided by 5 + -1 + (1 - 0).
2
Calculate the remainder when (-410)/(-30) - 4/6 is divided by 8.
5
Suppose 0 = 3*b - b - 204. Suppose -b = -4*u + u. Let n = -2 - -14. Calculate the remainder when u is divided by n.
10
Let d(y) = y**3 - 7*y**2 + 8*y - 7. Calculate the remainder when d(7) is divided by 17.
15
Suppose 2*d - 6*d + 96 = 0. Calculate the remainder when 94 is divided by d.
22
Calculate the remainder when 45 is divided by (2 - (-10)/(-3))/(1/(-18)).
21
Suppose 2*u + u = -3*k - 21, -2*k - 24 = 4*u. Calculate the remainder when (u/(-10))/(1/84) is divided by 11.
9
Suppose -7*t + 3*t = -72. Calculate the remainder when 35 is divided by t.
17
Let c = -2 - 16. Suppose 3*m + 43 = 5*r - 134, -2*r - 2*m + 74 = 0. Let w = c + r. What is the remainder when w is divided by 10?
8
Suppose 2*k - 25 - 5 = 0. Suppose -2*i + k = -11. Calculate the remainder when 38 is divided by i.
12
Suppose -11 = 12*i - 13*i. Calculate the remainder when 51 is divided by i.
7
Suppose 0 = -3*c - c + 16. Suppose -2*d - 2 = -c, 4*k - d - 35 = 0. Let x(u) = u**3 - 6*u**2 + 6*u. Calculate the remainder when k is divided by x(5).
4
Suppose 298 = 5*p - 62. Suppose -5*f = -f - p. Calculate the remainder when f is divided by 5.
3
Let b be (9/(-2))/(6/(-8)). Let j(s) be the second derivative of s**4/12 + s**3/6 - s**2 + 3*s. What is the remainder when j(b) is divided by 14?
12
Let s = 8 - 5. Suppose 0 = 5*h - 5*k - 35, -h + 8 = -s*k - 3. Suppose 0*l = -4*l + 52. Calculate the remainder when l is divided by h.
3
Let c(p) = p**2 - 6*p - 23. What is the remainder when c(12) is divided by 13?
10
Suppose 0 = s - 3*q - 35, 0 = -s + 5*q + 30 + 13. What is the remainder when s is divided by -8*((-3)/2)/1?
11
Let p = -11 - -25. Let m = -79 + 99. What is the remainder when m is divided by 2/((-4)/p)*-1?
6
Suppose g - 4*m - 6 = -g, 0 = 4*m + 4. What is the remainder when 2 is divided by g?
0
Let s = -3 - -11. Suppose 4 = 2*u - 4*v - s, 0 = 4*u + 4*v. Let y = 4 - u. What is the remainder when 5 is divided by y?
1
Suppose 3*u - 13 = -1, 0 = c - 3*u + 3. What is the remainder when 70 is divided by c?
7
Let t(p) = p**3 - 4*p**2 + 7. Let s be t(5). Suppose -w = -4*z - 44, -z - s = -2*w + w. Let k = -24 - -34. Calculate the remainder when w is divided by k.
8
Let j(w) = -3*w**2 - w - 2. Let r be j(-2). Let d = 23 - r. Calculate the remainder when 103 is divided by d.
33
Suppose 5*m - 5*d - 55 = 0, 4*m - 17 - 31 = 3*d. What is the remainder when 59 is divided by m?
14
Let a(d) be the third derivative of -d**5/60 - d**4/2 + d**3 - d**2. Let n be a(-10). Suppose -n - 7 = -3*i. What is the remainder when 19 is divided by i?
8
Let d(h) = 2*h**2 + 2*h. Let c be d(-2). Let y = c - 8. Calculate the remainder when 44 is divi